{"id":54,"date":"2021-02-08T12:19:47","date_gmt":"2021-02-08T11:19:47","guid":{"rendered":"https:\/\/praxiszenz.de\/?page_id=54"},"modified":"2021-02-08T12:19:47","modified_gmt":"2021-02-08T11:19:47","slug":"tipps","status":"publish","type":"page","link":"https:\/\/praxiszenz.de\/index.php\/tipps\/","title":{"rendered":"Tipps"},"content":{"rendered":"\n<p><strong>Krankenkasse:&nbsp;<\/strong><\/p>\n\n\n\n<p>Was und wie viel Geld eine Krankenkasse von einer Behandlung bei einem Heilpraktiker\/ klassischen Hom\u00f6opathen bezahlt, sollte am besten jeder bei seiner eigenen Kasse erfragen. Meist ist es folgenderma\u00dfen: Private Krankenkassen haben fast immer in ihrem Vertrag eine Abdeckung von&nbsp;<br>alternativen Heilmethoden. Gesetzliche Krankenkassen bezahlen meist nur hom\u00f6opathische&nbsp;<br>Behandlungen von \u00c4rzten, aber haben immer \u00f6fter die Option sich auch f\u00fcr alternative Methoden mitversichern zu lassen. Oder Sie bezahlen die Behandlung teilweise, wenn nachgewiesen werden&nbsp;<br>kann, dass der nicht \u00e4rztliche Hom\u00f6opath qualifiziert ist (was das im Einzelnen hei\u00dft kommt wiederum&nbsp;<br>auf die Kasse an). Mittlerweile ist es f\u00fcr wenig Geld m\u00f6glich sich zus\u00e4tzlich zu versichern. Es ist jedoch bei jeder Krankenkasse zu beachten, ob diese die volle Rechnung \u00fcbernehmen, oder nur einen Teil.<\/p>\n\n\n\n<p><strong>Buchtipp:<\/strong><\/p>\n\n\n\n<figure class=\"wp-block-image\"><img decoding=\"async\" src=\"https:\/\/praxiszenz.de\/backupvorwordpress\/jus_Reise_e_Krankheit_140x196.jpg\" alt=\"\"\/><\/figure>\n\n\n\n<p>Die Reise einer Krankheit&nbsp;<br>von Mohinder Singh Jus<br>ISBN-13: 978-3-906407-03-6<\/p>\n\n\n\n<p>Kurze Beschreibung: Die Perfekte Fachliteratur f\u00fcr Einsteiger und Fortgeschrittene. Das Buch behandelt&nbsp;<br>im ersten Teil die Grundprinzipien der klassischen Hom\u00f6opathie umfassend und sehr verst\u00e4ndlich.<br>Der zweite Teil des Buches befasst sich mit dem hom\u00f6opathischen Konzept von Heilung und&nbsp;<br>Unterdr\u00fcckung. Der Leser findet Antworten \u00fcber Sinn und Bedeutung von Krankheitssymptomen.&nbsp;<br>Ihm wird bewusst gemacht, da\u00df das Verschwinden eines Symptoms nicht unbedingt Heilung bedeutet.&nbsp;<br>Viel mehr ist zu kl\u00e4ren auf welche &#8222;Reise&#8220; es sich begeben hat.<\/p>\n\n\n\n<p><br>&nbsp; &nbsp; &nbsp; &nbsp; Bestellen sie einfach bei Amazon:&nbsp;<a href=\"http:\/\/www.amazon.de\/Reise-einer-Krankheit-Hom%C3%B6opathisches-Unterdr%C3%BCckung\/dp\/3906407039\/ref=sr_1_1?ie=UTF8&amp;s=books&amp;qid=1264431935&amp;sr=8-1\"><em>www.amazon.de\/Reise-einer-Krankheit&nbsp;<\/em><\/a><\/p>\n\n\n\n<p><strong>Hausapotheke:<\/strong><\/p>\n\n\n\n<p>Damit sie in Notf\u00e4llen einige hom\u00f6opathische Arzneien zu Hause haben, empfehle ich ihnen eine Hausapotheke. Die Altstadt-Apotheke Amberg hat sich bereiterkl\u00e4rt ein f\u00fcr sie geeignetes Sortiment zusammen zu stellen. Falls sie sich f\u00fcr eine Bestellung der &#8222;Hausapotheke Zenz&#8220; Entscheiden, erhalten&nbsp;<br>sie die 30 wichtigsten hom\u00f6opathische Arzneien in einem passenden Etui f\u00fcr ca. 70 Euro.&nbsp;<\/p>\n\n\n\n<p><em>&nbsp;&nbsp;<a href=\"http:\/\/www.altstadtapotheke-amberg.de\/\">Bestellung &#8222;Hausapotheke Zenz&#8220;<\/a><\/em><strong><br><br>Ringelblumensalbe:<\/strong><\/p>\n\n\n\n<p><strong><\/strong>Diese Salbe ist f\u00fcr alle \u00e4u\u00dferen Anwendungen geeignet, z.B. Verbrennungen, Verletzungen, Windelausschlag, wunde Stellen, Sonnenbrand, etc.. Sie ist ohne Nebenwirkungen und v\u00f6llig ungiftig, so dass sie sich auch f\u00fcr Kinder und Tiere eignet. Die leichte und g\u00fcnstige Herstellung, sowie die unkomplizierte Aufbewahrung sind ebenfalls von Vorteil. Sie wissen genau was in dieser Salbe enthalten ist und haben auch als Allergiker keine Bedenken, was die Vertr\u00e4glichkeit der Innhaltsstoffe betrifft, so fern die keine Allergie gegen einen der beiden Inhaltsstoffe haben.&nbsp;<\/p>\n\n\n\n<p>Das Rezept&nbsp;<\/p>\n\n\n\n<p><strong>Zutaten<\/strong>: 2 Hand voll Ringelblumen, die ganze Bl\u00fcte, frisch oder getrocknet (Calendula officinalis), die Blumen k\u00f6nnen aus dem eigenen Garten oder aus der Apotheke sein, 500g Schweineschmalz<\/p>\n\n\n\n<p><strong>Herstellung<\/strong>: Das Fett in einem Topf schmelzen und die Blumen hin zu geben. Das Ganze ein Mal kr\u00e4ftig aufkochen lassen und vom Herd nehmen.&nbsp;<br>Dann 24 Stunden ziehen lassen.&nbsp;<br>Zum Schluss wieder erw\u00e4rmen, bis es fl\u00fcssig ist und absieben, z.B. durch ein Tuch oder einen Teesack aus Stoff.&nbsp;<br>Dann, die noch fl\u00fcssige Salbe, in sehr saubere, am besten abgekochte, Gl\u00e4ser abf\u00fcllen und gut verschlie\u00dfen.&nbsp;<\/p>\n\n\n\n<p>Die Salbe ist ca. 1 Jahr haltbar, auch ohne K\u00fchlung. Die Wirkstoffe aus der Ringelblume und Enzyme aus dem Schweineschmalz erg\u00e4nzen sich und sorgen so f\u00fcr eine schnelle und komplikationsfreie Heilung. Die Wundheilung und Gewebsneubildung wird gef\u00f6rdert und das Ansiedeln von Keimen verringert. Falls sie der Geruch oder das Gef\u00fchl sich mit Schweineschmalz ein zu reiben st\u00f6rt, bedenken sie bitte, dass es kein Sch\u00f6nheitsprodukt ist sondern eine Heilsalbe.&nbsp;<\/p>\n","protected":false},"excerpt":{"rendered":"<p>Krankenkasse:&nbsp; Was und wie viel Geld eine Krankenkasse von einer Behandlung bei einem Heilpraktiker\/ klassischen Hom\u00f6opathen bezahlt, sollte am besten jeder bei seiner eigenen Kasse erfragen. Meist ist es folgenderma\u00dfen: Private Krankenkassen haben fast immer in ihrem Vertrag eine Abdeckung &hellip; <a href=\"https:\/\/praxiszenz.de\/index.php\/tipps\/\">Weiterlesen <span class=\"meta-nav\">&rarr;<\/span><\/a><\/p>\n","protected":false},"author":1,"featured_media":0,"parent":0,"menu_order":0,"comment_status":"closed","ping_status":"closed","template":"","meta":{"footnotes":""},"_links":{"self":[{"href":"https:\/\/praxiszenz.de\/index.php\/wp-json\/wp\/v2\/pages\/54"}],"collection":[{"href":"https:\/\/praxiszenz.de\/index.php\/wp-json\/wp\/v2\/pages"}],"about":[{"href":"https:\/\/praxiszenz.de\/index.php\/wp-json\/wp\/v2\/types\/page"}],"author":[{"embeddable":true,"href":"https:\/\/praxiszenz.de\/index.php\/wp-json\/wp\/v2\/users\/1"}],"replies":[{"embeddable":true,"href":"https:\/\/praxiszenz.de\/index.php\/wp-json\/wp\/v2\/comments?post=54"}],"version-history":[{"count":1,"href":"https:\/\/praxiszenz.de\/index.php\/wp-json\/wp\/v2\/pages\/54\/revisions"}],"predecessor-version":[{"id":55,"href":"https:\/\/praxiszenz.de\/index.php\/wp-json\/wp\/v2\/pages\/54\/revisions\/55"}],"wp:attachment":[{"href":"https:\/\/praxiszenz.de\/index.php\/wp-json\/wp\/v2\/media?parent=54"}],"curies":[{"name":"wp","href":"https:\/\/api.w.org\/{rel}","templated":true}]}}