{"id":16,"date":"2021-02-08T11:46:37","date_gmt":"2021-02-08T10:46:37","guid":{"rendered":"https:\/\/praxiszenz.de\/?page_id=16"},"modified":"2021-02-08T11:46:37","modified_gmt":"2021-02-08T10:46:37","slug":"alles-dreht-sich-nur-noch-um-corona","status":"publish","type":"page","link":"https:\/\/praxiszenz.de\/","title":{"rendered":"Alles dreht sich nur noch um Corona"},"content":{"rendered":"\n<p>Unsicherheit und Sorge begleitet viele Menschen in der momentanen Zeit.<\/p>\n\n\n\n<p>Bei Fragen zu Corona und Behandlungsm\u00f6glichkeiten steht die Praxis f\u00fcr klassische Hom\u00f6opathie gerne zur Verf\u00fcgung.<\/p>\n\n\n\n<p>Aber auch bei allen anderen gesundheitlichen Problemen ist die Praxis weiterhin ge\u00f6ffnet.<\/p>\n\n\n\n<p>Was in den letzten Monaten, meiner Erfahrung nach, zu wenig Beachtung findet, ist die Vorsorge und der Schutz vor Infektionskrankheiten, wie Corona. Auch andere Infektionskrankheiten existieren weiterhin.<\/p>\n\n\n\n<p><strong><u>Direkte Unterst\u00fctzung f\u00fcr ihre Abwehr ist Sinnvoll, z.B.:<\/u><\/strong><\/p>\n\n\n\n<p>&#8211;&nbsp;&nbsp;&nbsp;&nbsp;&nbsp;&nbsp;&nbsp;&nbsp;&nbsp;&nbsp;Cystus Lutschtabletten od. Tee f\u00f6rdert nachweislich das Immunsystem und in dieser Einnahmeform wirkt es wie eine Art Klettverschluss f\u00fcr viele Vieren, die direkt gebunden werden, und so nicht mehr in ihren K\u00f6rper eindringen k\u00f6nnen.<\/p>\n\n\n\n<p>&#8211;&nbsp;&nbsp;&nbsp;&nbsp;&nbsp;&nbsp;&nbsp;&nbsp;&nbsp;&nbsp;Vitamin C und D<\/p>\n\n\n\n<p>&#8211;&nbsp;&nbsp;&nbsp;&nbsp;&nbsp;&nbsp;&nbsp;&nbsp;&nbsp;&nbsp;Zink<\/p>\n\n\n\n<p>&#8211;&nbsp;&nbsp;&nbsp;&nbsp;&nbsp;&nbsp;&nbsp;&nbsp;&nbsp;&nbsp;Echinacea<\/p>\n\n\n\n<p><strong><u>Ausgeglichenheit und Zufriedenheit verbessert das Immunsystem:<\/u><\/strong><\/p>\n\n\n\n<p>&#8211;&nbsp;&nbsp;&nbsp;&nbsp;&nbsp;&nbsp;&nbsp;&nbsp;&nbsp;&nbsp;Genug Schlaf<\/p>\n\n\n\n<p>&#8211;&nbsp;&nbsp;&nbsp;&nbsp;&nbsp;&nbsp;&nbsp;&nbsp;&nbsp;&nbsp;Angenehme Freizeitgestaltung<\/p>\n\n\n\n<p>&#8211;&nbsp;&nbsp;&nbsp;&nbsp;&nbsp;&nbsp;&nbsp;&nbsp;&nbsp;&nbsp;Gesunde Ern\u00e4hrung<\/p>\n\n\n\n<p>&#8211;&nbsp;&nbsp;&nbsp;&nbsp;&nbsp;&nbsp;&nbsp;&nbsp;&nbsp;&nbsp;Bewegung<\/p>\n\n\n\n<p>&#8211;&nbsp;&nbsp;&nbsp;&nbsp;&nbsp;&nbsp;&nbsp;&nbsp;&nbsp;&nbsp;Nicht ausk\u00fchlen im Winter<\/p>\n\n\n\n<p><strong>Bitte beachten sie weiterhin die Grundregeln:&nbsp;<\/strong>Abstand halten, H\u00e4ndewaschen, Mundschutz und Kontaktreduzierung.Auch ausreichend L\u00fcften, um die eventuelle Virenansammlung in der Raumluft zu mindern.<\/p>\n\n\n\n<p>In einem Artikel der hom\u00f6opathischen Fachzeitschrift Semilia ist ein Artikel \u00fcber eine Studie die sich, unteranderem, mit&nbsp;<strong>Hom\u00f6opathie als Profilaxe gegen Corona<\/strong>&nbsp;befasst. Die Ergebnisse sind sehr Interessant und sollten viel mehr Verfolgt werden. Ebenso die sinnvolle hom\u00f6opathische Unterst\u00fctzung bei Infektionskrankheiten, wie Corona.<\/p>\n\n\n\n<p>Hier der Artikel zum anklicken:<br><strong><u><a href=\"https:\/\/praxiszenz.de\/StudieIndien.pdf\">Artikel<\/a><\/u><\/strong><\/p>\n","protected":false},"excerpt":{"rendered":"<p>Unsicherheit und Sorge begleitet viele Menschen in der momentanen Zeit. Bei Fragen zu Corona und Behandlungsm\u00f6glichkeiten steht die Praxis f\u00fcr klassische Hom\u00f6opathie gerne zur Verf\u00fcgung. Aber auch bei allen anderen gesundheitlichen Problemen ist die Praxis weiterhin ge\u00f6ffnet. Was in den &hellip; <a href=\"https:\/\/praxiszenz.de\/\">Weiterlesen <span class=\"meta-nav\">&rarr;<\/span><\/a><\/p>\n","protected":false},"author":1,"featured_media":0,"parent":0,"menu_order":0,"comment_status":"closed","ping_status":"closed","template":"","meta":{"footnotes":""},"_links":{"self":[{"href":"https:\/\/praxiszenz.de\/index.php\/wp-json\/wp\/v2\/pages\/16"}],"collection":[{"href":"https:\/\/praxiszenz.de\/index.php\/wp-json\/wp\/v2\/pages"}],"about":[{"href":"https:\/\/praxiszenz.de\/index.php\/wp-json\/wp\/v2\/types\/page"}],"author":[{"embeddable":true,"href":"https:\/\/praxiszenz.de\/index.php\/wp-json\/wp\/v2\/users\/1"}],"replies":[{"embeddable":true,"href":"https:\/\/praxiszenz.de\/index.php\/wp-json\/wp\/v2\/comments?post=16"}],"version-history":[{"count":1,"href":"https:\/\/praxiszenz.de\/index.php\/wp-json\/wp\/v2\/pages\/16\/revisions"}],"predecessor-version":[{"id":17,"href":"https:\/\/praxiszenz.de\/index.php\/wp-json\/wp\/v2\/pages\/16\/revisions\/17"}],"wp:attachment":[{"href":"https:\/\/praxiszenz.de\/index.php\/wp-json\/wp\/v2\/media?parent=16"}],"curies":[{"name":"wp","href":"https:\/\/api.w.org\/{rel}","templated":true}]}}

<p>Unsicherheit und Sorge begleitet viele Menschen in der momentanen Zeit.</p>



<p>Bei Fragen zu Corona und Behandlungsmöglichkeiten steht die Praxis für klassische Homöopathie gerne zur Verfügung.</p>



<p>Aber auch bei allen anderen gesundheitlichen Problemen ist die Praxis weiterhin geöffnet.</p>



<p>Was in den letzten Monaten, meiner Erfahrung nach, zu wenig Beachtung findet, ist die Vorsorge und der Schutz vor Infektionskrankheiten, wie Corona. Auch andere Infektionskrankheiten existieren weiterhin.</p>



<p><strong><u>Direkte Unterstützung für ihre Abwehr ist Sinnvoll, z.B.:</u></strong></p>



<p>&#8211;&nbsp;&nbsp;&nbsp;&nbsp;&nbsp;&nbsp;&nbsp;&nbsp;&nbsp;&nbsp;Cystus Lutschtabletten od. Tee fördert nachweislich das Immunsystem und in dieser Einnahmeform wirkt es wie eine Art Klettverschluss für viele Vieren, die direkt gebunden werden, und so nicht mehr in ihren Körper eindringen können.</p>



<p>&#8211;&nbsp;&nbsp;&nbsp;&nbsp;&nbsp;&nbsp;&nbsp;&nbsp;&nbsp;&nbsp;Vitamin C und D</p>



<p>&#8211;&nbsp;&nbsp;&nbsp;&nbsp;&nbsp;&nbsp;&nbsp;&nbsp;&nbsp;&nbsp;Zink</p>



<p>&#8211;&nbsp;&nbsp;&nbsp;&nbsp;&nbsp;&nbsp;&nbsp;&nbsp;&nbsp;&nbsp;Echinacea</p>



<p><strong><u>Ausgeglichenheit und Zufriedenheit verbessert das Immunsystem:</u></strong></p>



<p>&#8211;&nbsp;&nbsp;&nbsp;&nbsp;&nbsp;&nbsp;&nbsp;&nbsp;&nbsp;&nbsp;Genug Schlaf</p>



<p>&#8211;&nbsp;&nbsp;&nbsp;&nbsp;&nbsp;&nbsp;&nbsp;&nbsp;&nbsp;&nbsp;Angenehme Freizeitgestaltung</p>



<p>&#8211;&nbsp;&nbsp;&nbsp;&nbsp;&nbsp;&nbsp;&nbsp;&nbsp;&nbsp;&nbsp;Gesunde Ernährung</p>



<p>&#8211;&nbsp;&nbsp;&nbsp;&nbsp;&nbsp;&nbsp;&nbsp;&nbsp;&nbsp;&nbsp;Bewegung</p>



<p>&#8211;&nbsp;&nbsp;&nbsp;&nbsp;&nbsp;&nbsp;&nbsp;&nbsp;&nbsp;&nbsp;Nicht auskühlen im Winter</p>



<p><strong>Bitte beachten sie weiterhin die Grundregeln:&nbsp;</strong>Abstand halten, Händewaschen, Mundschutz und Kontaktreduzierung.Auch ausreichend Lüften, um die eventuelle Virenansammlung in der Raumluft zu mindern.</p>



<p>In einem Artikel der homöopathischen Fachzeitschrift Semilia ist ein Artikel über eine Studie die sich, unteranderem, mit&nbsp;<strong>Homöopathie als Profilaxe gegen Corona</strong>&nbsp;befasst. Die Ergebnisse sind sehr Interessant und sollten viel mehr Verfolgt werden. Ebenso die sinnvolle homöopathische Unterstützung bei Infektionskrankheiten, wie Corona.</p>



<p>Hier der Artikel zum anklicken:<br><strong><u><a href="https://praxiszenz.de/StudieIndien.pdf">Artikel</a></u></strong></p>

<p>Unsicherheit und Sorge begleitet viele Menschen in der momentanen Zeit. Bei Fragen zu Corona und Behandlungsmöglichkeiten steht die Praxis für klassische Homöopathie gerne zur Verfügung. Aber auch bei allen anderen gesundheitlichen Problemen ist die Praxis weiterhin geöffnet. Was in den &hellip; <a href="https://praxiszenz.de/">Weiterlesen <span class="meta-nav">&rarr;</span></a></p>
